4 + 1 - (12 + (19 - 19))?
23
Calculate (-39 - (26 - 6) - -3) + 22.
-34
Calculate 65 - (-3 - 2) - (9 + (-33 - -18)).
76
Calculate 4 - (-27 - (-21 + 19) - (1 - 7)).
23
Evaluate 16 + (-35 - (12 + -19 + 3)) + 125.
110
What is the value of 43 - (49 - (34 + -49))?
-21
What is the value of (-61 - (4 + 7)) + (-21 - -49)?
-44
What is 11 - (49 + -41) - (0 - -8)?
-5
What is 66 + 8 + 572 + -525?
121
Calculate (-26 - -106 - 30) + -99.
-49
Evaluate (31 - (-42 + (52 - -3))) + (-116 - 1).
-99
What is -83 + 78 - (8 - 11 - -3 - 113)?
108
What is the value of 1 - 29 - (160 + -232)?
44
Evaluate (85 - 37) + -68 + 49.
29
Calculate 42 - 28 - (53 - 43).
4
Evaluate -14 + -2 + 48 + -15.
17
Calculate 11 - (59 + -9 + -40 + 14).
-13
What is the value of -21 + -2 + 0 - (-586 + 577)?
-14
Evaluate 12 + (2316 - 2305) + (-7 - 2 - (-1 + 1)).
14
Evaluate -9 - -1 - (-2 + 11 + -16 + (5 - -1)).
-7
56 + 116 + -204 + 52
20
Evaluate (4 - (23 - (-7 - -17))) + (-1 - (1 + 84)).
-95
Evaluate (4 - 5 - 23) + -3.
-27
Evaluate -24 - ((1 + -3 - -33) + 463 + -465).
-53
What is the value of 3 - 8 - ((6 - (-3 + -2)) + -6 + 104)?
-114
What is the value of -1 - 1 - (87 - (-68 + 78 + -40))?
-119
Evaluate -45 + (46 - 25) - 0.
-24
What is -56 + 21 + 29 - (19 - (3 + -1))?
-23
-88 + -40 + 60 + 62
-6
-55 - (58 + -71 - (-4 - (3 - 0)))
-49
Calculate -5416 - -5426 - (-14 + 0).
24
-3 + 30 - (-10 + (-12 - 16))
65
What is (-6 - (-24 - (-10 - 1))) + (-8 - 21)?
-22
Calculate -46 + (5 - -39) - -97 - -2.
97
Calculate (-437 - -470) + (4 - 30) + (0 - -30).
37
Calculate -9 + (10 - (-1 - 0)) + -5 + 110 + 6.
113
What is the value of 5 + (7 - (-10 + -26 + -6 + 1))?
53
Calculate 57 + 11 + (-14 + -31 - -23).
46
Evaluate 35 - (23 + -39 + -2 + 33 - (15 - 3)).
32
What is the value of (2 - -4) + (0 - -77 - (582 + -563))?
64
Evaluate 51 + 13 + -59 + 11.
16
-106 - (-20 - -37) - -71
-52
What is the value of -177 + 172 + (3 - 44 - -5)?
-41
Calculate (-12 - (-8 + 7)) + (-73 - -67).
-17
What is the value of 14 - (-8 - 2 - -17) - (-7 + 44)?
-30
Evaluate -53 + 7 + 23 + -41 + 19.
-45
Calculate (-15 - -4 - -21 - -3) + (-45 - -56).
24
What is the value of -15 - -3 - 6 - (37 + -37)?
-18
(68 - 95) + 89 - -63
125
Evaluate -2 - (5 + (-10 - -3) - (1 - -1)).
2
What is the value of 39 - (7 + -9 - -4) - 77?
-40
Calculate -61 + 107 - -7 - -69.
122
What is 32 + (-124 - -36) + 76?
20
Calculate (0 - (-14 + 13 - -136)) + (2 - (6 + 2)).
-141
Evaluate -41 + (20 - -40) - 13.
6
What is (0 - 1) + -3 + 0 - (830 - (565 - -345))?
76
What is 22 + (-17 - (-24 - -9) - 19)?
1
What is 17 - ((-14 - -12) + 7 - -2) - -6?
16
Calculate 238 + -251 - (-1 + -46).
34
Evaluate 3 - (-75 - (-20 + (17 - 9))) - 4.
62
Calculate 104 - (102 - (-49 - -57)).
10
What is (-62 + -34 - (20 - 60 - -15)) + -1 + 6?
-66
-55 + (-34 - -46) - -52
9
What is the value of 14 - (32 + -56 + (6 - -1) + 3 - 11)?
39
Calculate 4 + -1 + -1 + -7 - (-1 - -15 - -8).
-27
What is 33 + -4 + (-61 - (-13 + -5))?
-14
What is the value of 9 + -5 + -26 + 35 - (-2 + 104)?
-89
Calculate (-15 - (-9 - 27)) + 13 + 1 + (-2 - 1).
32
What is the value of (214 - 203 - (-1 + 1 + 14)) + (37 - 14)?
20
Evaluate 40 + -74 + (-1 + (-15 - -5) - -3).
-42
-26 - -29 - (55 - 14 - 10)
-28
Calculate 0 - 18 - (-8466 - -8494).
-46
Evaluate -110 + (13 - -99) - (-37 - (1 - 1)).
39
Evaluate 0 + (7 - (1 + 9) - -14) + 25.
36
What is 95 + -22 - (55 + -26)?
44
What is the value of -56 + (0 - 0) - (8 - 8 - (5 - 12))?
-63
Evaluate -65 + (-186 + 70 - -110).
-71
What is the value of -6 - (13 + 3 + (-98 - 0 - -15))?
61
Evaluate (-5 - -2) + 1 + -67 - (-200 - -186).
-55
Evaluate (-77 - -47) + 90 - 190.
-130
Evaluate (243 - 201) + -12 + -20 + -67.
-57
Calculate -9 + (10 - -7) + (3 - 8) - 47.
-44
What is 6 + -2 - (-599 + 601)?
2
-6 + (7 + -9 + 6 - 4) - (75 - 119)
38
What is (-22 - -5) + -5 + 26 + 13?
17
What is the value of 18 - (5 - (20 + -9) - 27)?
51
Evaluate -49 - -26 - 9 - (26 - 5).
-53
Calculate 13 - (-171 + 48 + -36 - -46).
126
(-88 - (-11 + 3) - 24) + -2 + 17 - 16
-105
-73 - (-1 + 1) - (-19409 - -19394)
-58
Evaluate 41 + -52 + 2 - (-1 - -4).
-12
What is the value of 110 + -57 + -48 - (-61 + 0)?
66
-1 + 0 + 2 - (24 - 1) - (3014 + -3023)
-13
Evaluate 9 + (30 - 23) + 13 + 3.
32
-4 - (15 + -4 - (-7 - (14 + -15 - -52)))
-73
What is the value of (170 - (-26 - -92)) + (-30 - 5)?
69
What is (-7 - ((-247 - -264) + (-2 - 1))) + 9 + 0?
-12
Evaluate (-3 - 54) + 167 + -110.
0
What is the value of -23 + (170 - 71 - 16)?
60
Calculate -6726 + 6736 + (1 - 95).
-84
91 - (120 + -23 + 71)
-77
Calculate (-16 + 8 + 6 + -11 - -13) + 2 + 93.
95
10 + (-44 - (13 - 27)) + -31
-51
Evaluate (-38 - -41 - 5) + -28.
-30
Evaluate (62 - (-88 - -160)) + 1 + 1 + -42.
-50
Calculate -2 - (-22 + -10 + 9 - -8 - 11).
24
Calculate (-1 - 8) + (-1645 - -1686).
32
Evaluate -10 - (17 + 0 + -60 + 23 - 52).
62
Evaluate (71 - 4) + -9 + 4 - (-3 + 14).
51
What is (44 - (-23 + 56)) + -11 + 1 + 0?
1
Calculate (-49 - 10) + 30 + -3.
-32
Evaluate -1 + (18 - (62 - (7 + 3))).
-35
Calculate -149 - (29 + 12 - 139).
-51
Evaluate 17 + 4 + -3 + -107 - (5 - (-3 - -3)).
-94
What is 47 + (-41 - 2) + -5 + (1 - (-2 + 2))?
0
What is (-10 - -1) + (-4 - -1) + -82 + (-3 - -13)?
-84
What is -2 + 28 + -2 - (-107 - -168 - 6)?
-31
What is 10 + -4 + -44 + 2 + -1 - -3?
-34
Evaluate -12 - (13 + (-1 - (1 + 10))).
-13
What is the value of -73 - (-132 + (58 - 1))?
2
Evaluate -2 + (-115 - ((11 - 13) + -3)) + 3 + 11.
-98
15 + (21 - -19) + -13
42
-2 + 3 + 9 + (-7 + 31 + -11 - 88)
-65
What is -12 - -58 - (83 - (-48 - -57))?
-28
What is 0 - 51 - (-3 - -1 - -1) - (-5294 - -5296)?
-52
11 + (-33 + 18 - -23 - 36)
-17
63 + -1 + 19 + (-8 - -16) + -11 + -22
56
Calculate 42 - (20 - -1) - 8 - 43.
-30
What is (1 - -26) + (-47 - -42) - 12?
10
Calculate 265 - 367 - (1 + -50).
-53
What is -1 + 5 + (1 - 37 - (2075 + -2056))?
-51
Evaluate (6 - (12 - 39)) + 7 + -8 + -12 + 1.
21
Calculate (3 - 123) + -1 + (19 + 29 - 26 - 19).
-118
-45 - -10 - (-4 + 3 - 11)
-23
Evaluate (7 - -4) + -31 + 31 + -2 + (4 - -116).
129
Calculate (165 + -7 - 8) + (50 - 70).
130
Evaluate 10 - (-12 + 13) - 65.
-56
What is the value of 11 + -1 + 80 + 6 + -18?
78
What is the value of 1 + (27 - 0) + (870 + -906 - (-28 + 1))?
19
Evaluate -3 + 1 + (111 - 117) - -81.
73
(-43 - (4 - -22)) + 135
66
Calculate (-1 - 0 - (-18 + 22 + -3)) + 43 - 5.
36
Evaluate -22 + (-34 + 64 + -37 - -69).
40
What is -14 + 48 - 55 - (-14 + 8)?
-15
What is -1 - 23 - (-889 - -872)?
-7
What is the value of -97 - (1 + (-30 - -21 - (0 + 2)) - -9)?
-96
What is -24 + 44 - (66 + -15 - -2)?
-33
-7 + ((14 + 0 - (25 - 20)) + -1 - 6)
-5
Evaluate 79 + -37 + (1 - (19 - 22)).
46
What is the value of -25 - (-12 + -25 + (-50 - -29))?
33
What is -20 - 49 - (76 - 100)?
-45
Evaluate -38 + (-14 - 16) + 49.
-19
What is the value of (16 - 37) + 7 + (-8 - 4)?
-26
Evaluate (-5 + 7 - -4) + (13 - 11) + -5 + -4.
-1
62 - 65 - (4 + -45)
38
What is the value of -4 + 141 + -163 + (-17 - 0)?
-43
What is -1 - -25 - (273 + -281 - (-1 + -4))?
27
-32 + (-1 - (31 + -27) - 23)
-60
40 + -90 + (13 - -27)
-10
What is -23 + (40 - 60) + 8?
-35
Calculate -88 - (-1 + -17 - (-10 - (-12 - -2))).
-70
What is the value of -2211 + 2144 + (26 - -1)?
-40
What is the value of -38 + (-64 - -53 - -2)?
-47
(0 + 98 - (-299 - -291)) + -10
96
What is 1 + -10 - (15 - (11 + -14))?
-27
What is -130 + -28 + (-50 - -102)?
-106
(-69 - -9 - -6 - -2) + 22
-30
What is the value of 4 + 2 - (25 - (9 + -1 - -11))?
0
28 - 0 - (7 + -137 + 204)
-46
Evaluate 17 - ((-10 - -29) + -6).
4
Calculate (1708 - 1811) + 210 + 0.
107
What is 1 - 100 - (0 - -50 - 73) - -21?
-55
What is the value of (-279 - -285) + (4 + -7 - -26)?
29
Evaluate 19 + (19 - (-15 + 50)) + 16.
19
What is 0 + -62 - (5 - 1 - (41 - (-17 - -51)))?
-59
What is 1 - (-4 - (93 + -50 - -25))?
73
What is the value of -47 - (76 + -82 + (5 - -20) - 0)?
-66
What is 17 - 3 - (41 - 1 - 58)?
32
Calculate 7 + 2 - (-10 + -1 + (13 - 14) - -83).
-62
Evaluate -16 - ((-4 - -29) + 43 + -86).
2
What is (-2 - 45) + (45 + 37 - 62)?
-27
What is (-88 - -27) + (78 - -19)?
36
Evaluate 10 + (-24 - 5 - 33 - (8 - 2)).
-58
What is -721 + 698 + -21 + -3?
-47
-1 + 55 + (-94 - -94)
54
What is (5 - -18) + -8 + (-65 - -82)?
32
(7 - (0 + -6 + 6)) + (11 - -5)
23
What is the value of 22 + 10 + -26 + 5 + (-3 - -10)?
18
Evaluate 12 - (-6 + -2 + -6 + 